 - 55264?
-44542
In base 2, what is -1001010 + -1111010011001011?
-1111010100010101
In base 9, what is 230 + 546701?
547031
In base 7, what is -205056156 + 5?
-205056151
In base 5, what is 14121103 - 223?
14120330
In base 6, what is 12121450 - -14331?
12140221
In base 13, what is 0 + 3c45c0?
3c45c0
In base 5, what is -410204201 - 11104?
-410220310
In base 12, what is -2 - -4bb1795?
4bb1793
In base 9, what is -16806 - 686?
-17603
In base 10, what is 1721 + -83959?
-82238
In base 6, what is -20325 + -1234555?
-1255324
In base 10, what is 681 - 515202?
-514521
In base 2, what is 1101 - 10111010111010110111?
-10111010111010101010
In base 13, what is -b22 + -641b6?
-65008
In base 4, what is -1013 - 202323033?
-202330112
In base 14, what is 953 - -1304?
1c57
In base 15, what is 3d33918 - -5?
3d3391d
In base 3, what is -10 - 220121222212020?
-220121222212100
In base 2, what is -1110000000111 + -10000011000?
-10000000011111
In base 11, what is -102441 + 11a?
-102322
In base 10, what is -12 + 10988350?
10988338
In base 5, what is -40311341 - 2010?
-40313401
In base 7, what is -1102 - 1242554?
-1243656
In base 9, what is -10074237 - -2?
-10074235
In base 15, what is -8 + -c4874e?
-c48757
In base 12, what is 216b + 123658?
125807
In base 16, what is -1f17 - 2265?
-417c
In base 13, what is 8245b6 - -1?
8245b7
In base 8, what is 43174426 - 1?
43174425
In base 14, what is 2ca4b0 - -137?
2ca607
In base 10, what is -75 + 17310?
17235
In base 5, what is -10144 + 102102?
41403
In base 16, what is -428c9 - 5?
-428ce
In base 9, what is 51047128 - -22?
51047151
In base 7, what is 116140 - 6112?
110025
In base 2, what is 100000111110000 + -111001100100?
11001110001100
In base 6, what is 12 - -1254425033?
1254425045
In base 9, what is -1673 + 70485?
67712
In base 10, what is 2110967 + 16?
2110983
In base 5, what is 4 - -400010401330?
400010401334
In base 14, what is 2453 - -52b?
2980
In base 8, what is -27 - 1322466?
-1322515
In base 13, what is 27154640 - 3?
2715463a
In base 2, what is 1000101100111100111011111 - -100?
1000101100111100111100011
In base 5, what is -1212 + 3223113?
3221401
In base 11, what is 184a + -11596?
-a847
In base 5, what is 2211311222304 + -4?
2211311222300
In base 12, what is -21778 - -5a8?
-21190
In base 5, what is 241121 + 2144332?
2441003
In base 11, what is -44662347 + 2?
-44662345
In base 7, what is -15 - 3102035?
-3102053
In base 9, what is -185 - 5354?
-5550
In base 9, what is 233 + 8781280?
8781523
In base 9, what is 8336 - 1215?
7121
In base 2, what is 1010100101010 + 1110001110?
1100010111000
In base 4, what is -213 + 13020223011?
13020222132
In base 6, what is -41440 - -53104?
11224
In base 8, what is 5052253271 - 4?
5052253265
In base 10, what is -1907 - -14876?
12969
In base 3, what is -22102 + -1122100201?
-1122200010
In base 10, what is 2385 + -18?
2367
In base 14, what is -29b - -2adc8c?
2ad9d1
In base 16, what is 19b - -1eb8?
2053
In base 9, what is 0 + 7284813?
7284813
In base 14, what is -10a1 + -15a7?
-2668
In base 9, what is -875 - -5244?
4258
In base 6, what is -2 - -1325355501?
1325355455
In base 2, what is -10 - -1111010100100110110011100?
1111010100100110110011010
In base 2, what is -11110101100100101100 - 1?
-11110101100100101101
In base 9, what is -3650 - -48067?
44317
In base 2, what is -100000001010101101010111000 - 10?
-100000001010101101010111010
In base 14, what is aac8b + -6?
aac85
In base 6, what is 25 - 3542513?
-3542444
In base 5, what is -44 + -103014421?
-103020020
In base 4, what is 30330133010113 - 1?
30330133010112
In base 10, what is 2166 - -2049?
4215
In base 6, what is 20305 - -21104?
41413
In base 4, what is -200 + -1110030233103?
-1110030233303
In base 16, what is -4 - -c5d72c?
c5d728
In base 9, what is -37077 - -1132?
-35845
In base 9, what is -413 - 65405?
-65818
In base 6, what is -105142 - 20035?
-125221
In base 14, what is -4 - a2b839?
-a2b83d
In base 16, what is 1b336 - -23?
1b359
In base 15, what is -15 - -83e09?
83de4
In base 7, what is 106 - 31230524?
-31230415
In base 10, what is 55711 - 302?
55409
In base 6, what is 4113051 + 12333?
4125424
In base 14, what is -8d8196d - 3?
-8d81972
In base 16, what is 85 - -e6d3?
e758
In base 8, what is 3365672 + 1?
3365673
In base 8, what is -3731164133 - -2?
-3731164131
In base 8, what is 52751 - 21776?
30753
In base 9, what is 762 - 100308?
-88436
In base 9, what is 360116 + -30?
360076
In base 5, what is -111403 + 24303?
-32100
In base 4, what is 22132333101 + 3?
22132333110
In base 11, what is 25269 - -263?
25521
In base 11, what is 16521 + 133a?
17860
In base 15, what is -6 - -130d255?
130d24e
In base 16, what is -355e - 360b?
-6b69
In base 16, what is -4 + -3374f6d?
-3374f71
In base 4, what is 12 + -1323220031?
-1323220013
In base 14, what is -11971717 - -1?
-11971716
In base 6, what is -442140052 - -10?
-442140042
In base 13, what is ab - -7c1a0?
7c27b
In base 9, what is -546868 - 133?
-547112
In base 11, what is -5 - 4464110?
-4464115
In base 5, what is 10 + 40213410113?
40213410123
In base 4, what is 21233011 - -1003?
21300020
In base 6, what is 0 - -303024543?
303024543
In base 15, what is 16 - -1e774e?
1e7765
In base 8, what is -175732 - 3747?
-201701
In base 7, what is -6 + -4536250?
-4536256
In base 3, what is 1201 + 1100012112222?
1100012121200
In base 3, what is -200010101122 - -10211?
-200010020211
In base 2, what is -11100100011001010111111010010 - -1?
-11100100011001010111111010001
In base 3, what is 210 + 201101220202?
201101221112
In base 3, what is -1201222212200021 + 11?
-1201222212200010
In base 12, what is -20615 + -2086?
-2269b
In base 16, what is -281a3 + -417?
-285ba
In base 7, what is 2431033340 - 2?
2431033335
In base 5, what is -204234033 - 233?
-204234321
In base 6, what is -315544530 + -4?
-315544534
In base 16, what is 6be5fd6 - 9?
6be5fcd
In base 16, what is 3004 - -187?
318b
In base 3, what is 211 - 110021020111?
-110021012200
In base 10, what is -271 + 115575?
115304
In base 14, what is 0 - 102da8cd?
-102da8cd
In base 7, what is 410 - 65243220?
-65242510
In base 9, what is 11563 - 1570?
8883
In base 9, what is -10 + -3180064?
-3180074
In base 12, what is -6972b - -100a?
-68721
In base 14, what is 5c50 + 18d9?
7749
In base 5, what is -230414240 - 1?
-230414241
In base 9, what is 55 + 5030368?
5030434
In base 2, what is 11101001001 + 101010010010?
1000111011011
In base 7, what is 106614551 - 4?
106614544
In base 6, what is -242153045 + -3?
-242153052
In base 9, what is -716506 + 45?
-716451
In base 4, what is 20102211 - 2302?
20033303
In base 11, what is -9 + -a5632?
-a5640
In base 16, what is 36 + 320a3?
320d9
In base 14, what is 18201824 - 0?
18201824
In base 3, what is 2212011101 - -21112?
2212102220
In base 13, what is -1b - 308174?
-308192
In base 14, what is -4b4c6d + b2?
-4b4b9b
In base 5, what is -10 - -110303010433?
110303010423
In base 6, what is 444244 + 2255?
450543
In base 6, what is -311 + -45335054?
-45335405
In base 10, what is -4 - -5621444?
5621440
In base 5, what is -1 - 121124220?
-121124221
In base 14, what is -83679 - -1b0?
-834a9
In base 16, what is 32ebd9 + -2c?
32ebad
In base 16, what is ac - -23ff?
24ab
In base 9, what is -1281111 + -38?
-1281150
In base 5, what is -14 - 133331311?
-133331330
In base 3, what is -10011202022120021 + -2?
-10011202022120100
In base 13, what is 3199116 - -1?
3199117
In base 10, what is -331380 - 273?
-331653
In base 8, what is 2017770 - -1114?
2021104
In base 3, what is -1100 - 21121121211?
-21121200011
In base 16, what is -2d5d6f + 2?
-2d5d6d
In base 5, what is 20042 + 20021?
40113
In base 2, what is -1111010 + -100100111111010110111110?
-100100111111011000111000
In base 7, what is -4546561 - -106?
-4546452
In base 16, what is 1465 + -228?
123d
In base 3, what is -101000011001 + 211?
-101000010020
In base 14, what is 6 + 169770?
169776
In base 14, what is 354 - -324d?
35a3
In base 2, what is 1001 - 100011001001011011?
-100011001001010010
In base 8, what is -1164674 - 1036?
-1165732
In base 7, what is 33663201 + 131?
33663332
In base 9, what is 25 + 1528204?
1528230
In base 9, what is -4 + -307614645?
-307614650
In base 2, what is -11 - 1101010110000001110011?
-1101010110000001110110
In base 4, what is -100222132311 + 2202?
-100222130103
In base 11, what is